{"id":4009,"date":"2025-01-25T14:00:09","date_gmt":"2025-01-25T13:00:09","guid":{"rendered":"https:\/\/www.bureaumetpit.nl\/?page_id=4009"},"modified":"2026-01-26T21:18:37","modified_gmt":"2026-01-26T20:18:37","slug":"copyright","status":"publish","type":"page","link":"https:\/\/www.bureaumetpit.nl\/?page_id=4009","title":{"rendered":"copyright"},"content":{"rendered":"\t\t<div data-elementor-type=\"wp-page\" data-elementor-id=\"4009\" class=\"elementor elementor-4009\">\n\t\t\t\t\t\t<section class=\"elementor-section elementor-top-section elementor-element elementor-element-1a6e746c elementor-section-boxed elementor-section-height-default elementor-section-height-default\" data-id=\"1a6e746c\" data-element_type=\"section\">\n\t\t\t\t\t\t<div class=\"elementor-container elementor-column-gap-default\">\n\t\t\t\t\t<div class=\"elementor-column elementor-col-100 elementor-top-column elementor-element elementor-element-4f143a53\" data-id=\"4f143a53\" data-element_type=\"column\">\n\t\t\t<div class=\"elementor-widget-wrap elementor-element-populated\">\n\t\t\t\t\t\t<div class=\"elementor-element elementor-element-3b60925 elementor-widget elementor-widget-image\" data-id=\"3b60925\" data-element_type=\"widget\" data-widget_type=\"image.default\">\n\t\t\t\t<div class=\"elementor-widget-container\">\n\t\t\t<style>\/*! elementor - v3.23.0 - 05-08-2024 *\/\n.elementor-widget-image{text-align:center}.elementor-widget-image a{display:inline-block}.elementor-widget-image a img[src$=\".svg\"]{width:48px}.elementor-widget-image img{vertical-align:middle;display:inline-block}<\/style>\t\t\t\t\t\t\t\t\t\t<img decoding=\"async\" width=\"300\" height=\"129\" src=\"https:\/\/www.bureaumetpit.nl\/wp-content\/uploads\/2025\/05\/BMP_logo-2025-300x129.png\" class=\"attachment-medium size-medium wp-image-4284\" alt=\"\" srcset=\"https:\/\/www.bureaumetpit.nl\/wp-content\/uploads\/2025\/05\/BMP_logo-2025-300x129.png 300w, https:\/\/www.bureaumetpit.nl\/wp-content\/uploads\/2025\/05\/BMP_logo-2025-1024x441.png 1024w, https:\/\/www.bureaumetpit.nl\/wp-content\/uploads\/2025\/05\/BMP_logo-2025-768x331.png 768w, https:\/\/www.bureaumetpit.nl\/wp-content\/uploads\/2025\/05\/BMP_logo-2025-1536x662.png 1536w, https:\/\/www.bureaumetpit.nl\/wp-content\/uploads\/2025\/05\/BMP_logo-2025-2048x883.png 2048w\" sizes=\"(max-width: 300px) 100vw, 300px\" \/>\t\t\t\t\t\t\t\t\t\t\t\t\t<\/div>\n\t\t\t\t<\/div>\n\t\t\t\t\t<\/div>\n\t\t<\/div>\n\t\t\t\t\t<\/div>\n\t\t<\/section>\n\t\t\t\t<section class=\"elementor-section elementor-top-section elementor-element elementor-element-630a3e4 elementor-section-boxed elementor-section-height-default elementor-section-height-default\" data-id=\"630a3e4\" data-element_type=\"section\">\n\t\t\t\t\t\t<div class=\"elementor-container elementor-column-gap-wider\">\n\t\t\t\t\t<div class=\"elementor-column elementor-col-100 elementor-top-column elementor-element elementor-element-4ce6207\" data-id=\"4ce6207\" data-element_type=\"column\">\n\t\t\t<div class=\"elementor-widget-wrap elementor-element-populated\">\n\t\t\t\t\t\t<div class=\"elementor-element elementor-element-600f073 elementor-widget elementor-widget-image\" data-id=\"600f073\" data-element_type=\"widget\" data-widget_type=\"image.default\">\n\t\t\t\t<div class=\"elementor-widget-container\">\n\t\t\t\t\t\t\t\t\t\t\t\t\t<img decoding=\"async\" width=\"300\" height=\"53\" src=\"https:\/\/www.bureaumetpit.nl\/wp-content\/uploads\/2025\/05\/grafische-elementen-300x53.png\" class=\"attachment-medium size-medium wp-image-4312\" alt=\"\" srcset=\"https:\/\/www.bureaumetpit.nl\/wp-content\/uploads\/2025\/05\/grafische-elementen-300x53.png 300w, https:\/\/www.bureaumetpit.nl\/wp-content\/uploads\/2025\/05\/grafische-elementen-1024x180.png 1024w, https:\/\/www.bureaumetpit.nl\/wp-content\/uploads\/2025\/05\/grafische-elementen-768x135.png 768w, https:\/\/www.bureaumetpit.nl\/wp-content\/uploads\/2025\/05\/grafische-elementen.png 1426w\" sizes=\"(max-width: 300px) 100vw, 300px\" \/>\t\t\t\t\t\t\t\t\t\t\t\t\t<\/div>\n\t\t\t\t<\/div>\n\t\t\t\t\t<\/div>\n\t\t<\/div>\n\t\t\t\t\t<\/div>\n\t\t<\/section>\n\t\t\t\t<section class=\"elementor-section elementor-top-section elementor-element elementor-element-298f45c elementor-section-boxed elementor-section-height-default elementor-section-height-default\" data-id=\"298f45c\" data-element_type=\"section\">\n\t\t\t\t\t\t<div class=\"elementor-container elementor-column-gap-default\">\n\t\t\t\t\t<div class=\"elementor-column elementor-col-100 elementor-top-column elementor-element elementor-element-c932be2\" data-id=\"c932be2\" data-element_type=\"column\">\n\t\t\t<div class=\"elementor-widget-wrap elementor-element-populated\">\n\t\t\t\t\t\t<div class=\"elementor-element elementor-element-37743c8 elementor-widget elementor-widget-text-editor\" data-id=\"37743c8\" data-element_type=\"widget\" data-widget_type=\"text-editor.default\">\n\t\t\t\t<div class=\"elementor-widget-container\">\n\t\t\t<style>\/*! elementor - v3.23.0 - 05-08-2024 *\/\n.elementor-widget-text-editor.elementor-drop-cap-view-stacked .elementor-drop-cap{background-color:#69727d;color:#fff}.elementor-widget-text-editor.elementor-drop-cap-view-framed .elementor-drop-cap{color:#69727d;border:3px solid;background-color:transparent}.elementor-widget-text-editor:not(.elementor-drop-cap-view-default) .elementor-drop-cap{margin-top:8px}.elementor-widget-text-editor:not(.elementor-drop-cap-view-default) .elementor-drop-cap-letter{width:1em;height:1em}.elementor-widget-text-editor .elementor-drop-cap{float:left;text-align:center;line-height:1;font-size:50px}.elementor-widget-text-editor .elementor-drop-cap-letter{display:inline-block}<\/style>\t\t\t\t<p>\u00a9 2026 Bureau Met Pit \u2013 Communicatie met Karakter. Alle rechten voorbehouden.<\/p>\n<p>Alle inhoud op deze website, waaronder teksten, afbeeldingen, logo&#8217;s, video&#8217;s, ontwerpen en andere materialen, is eigendom van Bureau Met Pit, tenzij anders vermeld. Deze inhoud is beschermd onder de Nederlandse en internationale auteursrechtwetten.<\/p>\n<p><strong>Gebruik van de website<\/strong><br>Het is niet toegestaan om zonder voorafgaande schriftelijke toestemming van Bureau Met Pit:<\/p>\n<ul>\n<li>Inhoud van deze website te kopi\u00ebren, verspreiden, reproduceren, publiceren of anderszins te gebruiken voor commerci\u00eble of niet-commerci\u00eble doeleinden.<\/li>\n<li>Deze website of delen daarvan in een andere context te gebruiken, inclusief framing of het embedden van content.<\/li>\n<\/ul>\n<p><strong>Uitzonderingen en toestemming<\/strong><br>Voor persoonlijk gebruik mag beperkte inhoud worden gedownload of geprint, mits er geen wijzigingen worden aangebracht en de bron duidelijk wordt vermeld. Voor ander gebruik kunt u contact met ons opnemen via <a rel=\"noopener\">info@bureaumetpit.nl of 06 &#8211; 30 36 00 01<\/a>.<\/p>\n<p><strong>Aansprakelijkheid<\/strong><br>Bureau Met Pit streeft naar een zorgvuldige en accurate presentatie van informatie op deze website. Wij kunnen echter niet garanderen dat alle informatie actueel, juist en volledig is. Bureau Met Pit is niet aansprakelijk voor directe of indirecte schade die voortvloeit uit het gebruik van deze website.<\/p>\n<p>Voor vragen over deze copyrightverklaring of het gebruik van onze content kunt u contact opnemen via <a rel=\"noopener\">info@bureaumetpit.nl of 06 &#8211; 30 36 00 01<\/a>.<\/p>\t\t\t\t\t\t<\/div>\n\t\t\t\t<\/div>\n\t\t\t\t\t<\/div>\n\t\t<\/div>\n\t\t\t\t\t<\/div>\n\t\t<\/section>\n\t\t\t\t<\/div>\n\t\t","protected":false},"excerpt":{"rendered":"<p>\u00a9 2026 Bureau Met Pit \u2013 Communicatie met Karakter. Alle rechten voorbehouden. Alle inhoud op deze website, waaronder teksten, afbeeldingen, logo&#8217;s, video&#8217;s, ontwerpen en andere materialen, is eigendom van Bureau Met Pit, tenzij anders vermeld. Deze inhoud is beschermd onder de Nederlandse en internationale auteursrechtwetten. Gebruik van de websiteHet is niet toegestaan om zonder voorafgaande [&hellip;]<\/p>\n","protected":false},"author":1,"featured_media":0,"parent":0,"menu_order":0,"comment_status":"closed","ping_status":"closed","template":"","meta":{"site-sidebar-layout":"no-sidebar","site-content-layout":"page-builder","ast-site-content-layout":"full-width-container","site-content-style":"default","site-sidebar-style":"default","ast-global-header-display":"","ast-banner-title-visibility":"","ast-main-header-display":"","ast-hfb-above-header-display":"","ast-hfb-below-header-display":"","ast-hfb-mobile-header-display":"","site-post-title":"disabled","ast-breadcrumbs-content":"","ast-featured-img":"disabled","footer-sml-layout":"","theme-transparent-header-meta":"","adv-header-id-meta":"","stick-header-meta":"","header-above-stick-meta":"","header-main-stick-meta":"","header-below-stick-meta":"","astra-migrate-meta-layouts":"set","ast-page-background-enabled":"default","ast-page-background-meta":{"desktop":{"background-color":"","background-image":"","background-repeat":"repeat","background-position":"center center","background-size":"auto","background-attachment":"scroll","background-type":"","background-media":"","overlay-type":"","overlay-color":"","overlay-gradient":""},"tablet":{"background-color":"","background-image":"","background-repeat":"repeat","background-position":"center center","background-size":"auto","background-attachment":"scroll","background-type":"","background-media":"","overlay-type":"","overlay-color":"","overlay-gradient":""},"mobile":{"background-color":"","background-image":"","background-repeat":"repeat","background-position":"center center","background-size":"auto","background-attachment":"scroll","background-type":"","background-media":"","overlay-type":"","overlay-color":"","overlay-gradient":""}},"ast-content-background-meta":{"desktop":{"background-color":"var(--ast-global-color-5)","background-image":"","background-repeat":"repeat","background-position":"center center","background-size":"auto","background-attachment":"scroll","background-type":"","background-media":"","overlay-type":"","overlay-color":"","overlay-gradient":""},"tablet":{"background-color":"var(--ast-global-color-5)","background-image":"","background-repeat":"repeat","background-position":"center center","background-size":"auto","background-attachment":"scroll","background-type":"","background-media":"","overlay-type":"","overlay-color":"","overlay-gradient":""},"mobile":{"background-color":"var(--ast-global-color-5)","background-image":"","background-repeat":"repeat","background-position":"center center","background-size":"auto","background-attachment":"scroll","background-type":"","background-media":"","overlay-type":"","overlay-color":"","overlay-gradient":""}},"footnotes":""},"class_list":["post-4009","page","type-page","status-publish","hentry"],"_links":{"self":[{"href":"https:\/\/www.bureaumetpit.nl\/index.php?rest_route=\/wp\/v2\/pages\/4009","targetHints":{"allow":["GET"]}}],"collection":[{"href":"https:\/\/www.bureaumetpit.nl\/index.php?rest_route=\/wp\/v2\/pages"}],"about":[{"href":"https:\/\/www.bureaumetpit.nl\/index.php?rest_route=\/wp\/v2\/types\/page"}],"author":[{"embeddable":true,"href":"https:\/\/www.bureaumetpit.nl\/index.php?rest_route=\/wp\/v2\/users\/1"}],"replies":[{"embeddable":true,"href":"https:\/\/www.bureaumetpit.nl\/index.php?rest_route=%2Fwp%2Fv2%2Fcomments&post=4009"}],"version-history":[{"count":26,"href":"https:\/\/www.bureaumetpit.nl\/index.php?rest_route=\/wp\/v2\/pages\/4009\/revisions"}],"predecessor-version":[{"id":4753,"href":"https:\/\/www.bureaumetpit.nl\/index.php?rest_route=\/wp\/v2\/pages\/4009\/revisions\/4753"}],"wp:attachment":[{"href":"https:\/\/www.bureaumetpit.nl\/index.php?rest_route=%2Fwp%2Fv2%2Fmedia&parent=4009"}],"curies":[{"name":"wp","href":"https:\/\/api.w.org\/{rel}","templated":true}]}}